11111000001100
-13221231003 (base 4) to base 12
-808943
What is 58411 (base 9) in base 15?
b831
What is a2a89 (base 12) in base 6?
4315053
Convert 15b9a8 (base 12) to base 8.
1330320
What is -2022b59 (base 13) in base 2?
-100101000100010101001011
What is -5444055 (base 6) in base 4?
-1002002003
d38e3 (base 15) to base 6
22211023
What is 112287 (base 14) in base 9?
1076612
-1201013130 (base 4) to base 9
-665586
-7a7c (base 15) to base 4
-12112020
Convert -2222169 (base 10) to base 3.
-11011220020120
1652087 (base 11) to base 10
2813829
What is -2413016 (base 8) in base 5?
-132123011
Convert 22120120202202 (base 3) to base 15.
6008e8
112165 (base 8) to base 10
38005
Convert 3320336 (base 8) to base 15.
129985
What is 3645 (base 9) in base 3?
10201112
What is 8217d6 (base 14) in base 5?
2110234403
What is 3115133 (base 6) in base 5?
14301202
144233030 (base 5) to base 13
211493
Convert 1050540 (base 6) to base 16.
d05c
Convert -35057 (base 10) to base 14.
-cac1
What is -24366311 (base 7) in base 16?
-215612
What is -1084941 (base 10) in base 12?
-443a39
What is 203908 (base 10) in base 8?
616204
84797 (base 10) to base 13
2c79b
Convert 38cac (base 13) to base 9.
170553
138bbc (base 13) to base 3
220012201121
-6120578 (base 9) to base 15
-446498
What is 9e11e (base 15) in base 4?
1322311121
Convert -102243414 (base 5) to base 12.
-189599
What is 23550466 (base 8) in base 13?
10bb13b
What is 101100001010011101100 (base 2) in base 16?
1614ec
Convert 22212220 (base 6) to base 11.
41887a
-73730 (base 10) to base 16
-12002
-3183821 (base 9) to base 12
-6a4a0a
Convert -30000023 (base 4) to base 3.
-2111102212
What is -1392c (base 14) in base 6?
-1012152
What is 1001111101100111 (base 2) in base 14?
10c2b
What is -3204124 (base 5) in base 13?
-1b570
468555 (base 12) to base 15
176188
48cb38 (base 13) to base 15
2461da
What is -3221012132 (base 4) in base 8?
-3510636
What is -1110110100001000000000 (base 2) in base 7?
-45003134
Convert -24233242 (base 5) to base 9.
-375740
What is 12041 (base 13) in base 9?
50245
What is 23003032 (base 4) in base 11?
31008
What is 100110000010100 (base 2) in base 12?
b330
Convert -4d0d0c (base 14) to base 13.
-71b8a3
Convert 12042 (base 14) to base 11.
30036
What is 1220200001010 (base 3) in base 13?
297b88
What is 2c5a9 (base 14) in base 13?
3b61c
1423550521 (base 6) to base 7
302046361
1024201022 (base 5) to base 9
4080011
6aa42b (base 14) to base 2
1101111000100001000111
-42e060 (base 15) to base 9
-5885440
What is 17a302 (base 12) in base 16?
64832
-32232241 (base 6) to base 5
-220444324
What is -101101100000001001001 (base 2) in base 8?
-5540111
What is 16762 (base 9) in base 2?
10110100100110
What is -4acb53 (base 14) in base 7?
-30564333
What is -10101001110100110 (base 2) in base 5?
-10240300
What is 21a674 (base 12) in base 16?
83038
Convert 1903885 (base 10) to base 2.
111010000110100001101
What is -66635466 (base 7) in base 9?
-11744300
Convert 123020122 (base 4) to base 8.
331032
454252 (base 6) to base 7
220253
What is 1216225 (base 8) in base 6?
11102525
-15306434 (base 9) to base 13
-176b3b7
Convert -2011444 (base 8) to base 16.
-81324
13122445 (base 6) to base 10
430877
3177739 (base 10) to base 8
14076413
-2b85b (base 14) to base 10
-108665
Convert 42798 (base 15) to base 7.
1536032
Convert 131261 (base 9) to base 7.
451204
What is 106c264 (base 15) in base 9?
24065864
Convert -4573276 (base 8) to base 11.
-779821
-2103323103 (base 4) to base 2
-10010011111011010011
a7418 (base 15) to base 8
2014556
-31040351 (base 6) to base 13
-252bb0
What is 26a745 (base 11) in base 4?
1213203122
Convert 21202110221 (base 3) to base 6.
3134554
What is -114a38 (base 14) in base 4?
-2033312222
What is -13244203 (base 5) in base 10?
-134303
What is 43020114 (base 5) in base 7?
3031325
6243a11 (base 11) to base 3
202201122002010
What is -1608 (base 10) in base 5?
-22413
What is 236462 (base 10) in base 6?
5022422
11231302213 (base 4) to base 2
101101101110010100111
What is 11220122121 (base 3) in base 10?
96703
Convert -30743365 (base 8) to base 13.
-147c43a
What is 83c4 (base 14) in base 11?
16078
48656 (base 15) to base 10
230931
What is 11211111001 (base 3) in base 10?
95122
Convert 1637572 (base 9) to base 4.
3132122033
Convert -4c157c (base 14) to base 16.
-27eb3a
Convert -123210331 (base 4) to base 11.
-77959
Convert -31408 (base 14) to base 9.
-200842
-a053 (base 14) to base 6
-331213
Convert -eacc (base 16) to base 13.
-21489
221110201021 (base 3) to base 10
501343
Convert 12321223123 (base 4) to base 7.
21243250
What is 1012022100000 (base 3) in base 11?
3a486a
-8931c (base 15) to base 6
-13202513
Convert 236a2 (base 15) to base 3.
12201211122
-2c5931 (base 14) to base 15
-209d7c
Convert 585bc (base 13) to base 11.
100280
Convert 22221222200 (base 4) to base 13.
769b38
Convert 1564337 (base 9) to base 8.
3241575
Convert 5649a (base 11) to base 4.
103331320
1010010210 (base 3) to base 11
15565
1aa444 (base 14) to base 6
32211220
Convert -740cb (base 15) to base 14.
-981c6
b1e29 (base 16) to base 10
728617
What is -61b50 (base 12) in base 7?
-1041363
What is 12461261 (base 8) in base 3?
12020010101122
Convert -c5077c (base 13) to base 6.
-242330251
-221103202112 (base 4) to base 3
-202101010010022
a01a1 (base 13) to base 3
112112012021
-16568605 (base 10) to base 2
-111111001101000100011101
What is -766505 (base 8) in base 13?
-901a1
What is -261590 (base 14) in base 10?
-1309994
What is -26434624 (base 7) in base 2?
-1001010001000010100111
Convert -6ee74 (base 15) to base 13.
-c5329
Convert -349562 (base 11) to base 6.
-15514305
Convert -95866 (base 11) to base 3.
-21002022100
Convert -3997925 (base 10) to base 2.
-1111010000000011100101
Convert a130a (base 12) to base 3.
101122102101
Convert -100010100111110100 (base 2) to base 10.
-141812
What is -44230412 (base 5) in base 11?
-241a23
220002331 (base 4) to base 9
270004
11001101100000111011101 (base 2) to base 3
110200010201120
What is -2458a1 (base 14) in base 16?
-12fe45
What is -21111210210 (base 3) in base 9?
-244723
What is -515507 (base 13) in base 4?
-13033012133
Convert 230133331 (base 4) to base 12.
89591
Convert -130453 (base 10) to base 9.
-217847
What is -d11b79 (base 14) in base 16?
-6b58ff
Convert 3211203323 (base 4) to base 14.
1a6951
-43c28 (base 13) to base 7
-1021205
Convert -1200220111121 (base 3) to base 5.
-212403343
Convert -1262a (base 15) to base 7.
-333220
What is -550533 (base 7) in base 12?
-47899
Convert -29835 (base 10) to base 3.
-1111221000
-1356771 (base 12) to base 2
-1110101011010111000101
Convert 1302442 (base 7) to base 15.
35107
Convert -513aa4 (base 15) to base 2.
-1110101110011000111101
Convert 39862 (base 15) to base 5.
21343032
What is 14332320 (base 6) in base 10?
494328
-1261513 (base 7) to base 12
-80277
-354333 (base 8) to base 7
-1012630
Convert -2bb1836 (base 12) to base 14.
-128a0d4
-1001101102 (base 4) to base 6
-5421414
Convert -36710 (base 11) to base 2.
-1100111000011111
1101101011101000110011 (base 2) to base 14
695107
1011110001001110 (base 2) to base 9
73112
73134 (base 10) to base 8
216656
Convert -60724 (base 11) to base 5.
-10314334
-421140323 (base 5) to base 4
-12220310320
What is 30822466 (base 9) in base 5?
12244230023
What is a07c93 (base 15) in base 7?
121525236
Convert 23f76 (base 16) to base 3.
21111002020
What is -67934 (base 15) in base 6?
-11021121
What is 1b17e (base 15) in base 13?
31136
Convert 157017 (base 11) to base 5.
30243331
Convert 110111220002 (base 3) to base 4.
330020303
142165 (base 10) to base 11
978a1
251992 (base 13) to base 6
31020444
11663534 (base 8) to base 9
4765303
Convert -17dff (base 16) to base 2.
-10111110111111111
What is -103210041 (base 5) in base 12?
-195210
Convert 142245 (base 12) to base 7.
2565230
7510a (base 13) to base 6
4305135
Convert -15667 (base 12) to base 14.
-b099
What is 83965 (base 10) in base 8?
243775
Convert 3255425 (base 6) to base 14.
436c1
What is -11414221 (base 5) in base 7?
-625140
Convert -250410553 (base 6) to base 9.
-10012656
Convert 220112002011 (base 3) to base 12.
1b3394
Convert -614408 (base 9) to base 16.
-58e47
What is 16975b (base 14) in base 10?
794469
What is 155775 (base 9) in base 11?
66255
Convert 214411 (base 7) to base